What is the greatest common divisor of 19 and k?
19
Let a(h) = -h**3 - 6*h**2 + 2*h. Let k be a(-7). Let s be 2/5 - (-2646)/k. Let x = s + -46. Calculate the greatest common divisor of x and 12.
6
Let t = 4 + 1. Suppose -4 = -2*b, -5*l + b = t*b - 183. Calculate the highest common divisor of l and 14.
7
Let u(r) = -15*r + 10. Let w be u(-7). Suppose -k - 20 + w = 0. Calculate the greatest common divisor of 38 and k.
19
Suppose 2*j - q - 8 = 0, -2*j + 4*q + 28 = 8. Let o be (-8)/(4/6*-3). Calculate the greatest common factor of j and o.
2
Let f be (-1)/(10/(-4))*(-2100)/(-21). Let o be -2 + 0 + (-4)/(-2). Suppose o = -2*p + 7*p - 80. What is the greatest common factor of p and f?
8
Suppose -5*g + 568 = -2*m, 4*g - 3*g + m - 108 = 0. Calculate the greatest common divisor of 14 and g.
14
Suppose 2*u + 2 = u, -2*b - 5*u + 44 = 0. Calculate the greatest common factor of 27 and b.
27
Suppose s - 144 = -2*d - 2*s, -2 = s. What is the highest common factor of 50 and d?
25
Let f = -44 - -62. Calculate the greatest common factor of 6 and f.
6
Suppose 9*b + 1 = 10*b. Calculate the greatest common factor of b and 1.
1
Let m(i) = i**3 + 6*i**2 + 2. Let f be m(-6). Let y(q) = f*q - q + q. Let z be y(4). What is the greatest common divisor of z and 4?
4
Let p be 8/28 + 162/21. What is the greatest common factor of p and 56?
8
Suppose -q - 10 = 4*q. Let w be 57 - (q - 1) - 0. Calculate the highest common divisor of w and 40.
20
Suppose 4*t - 5*j - 73 = 0, -4*t + 25 = 5*j + 2. Calculate the highest common factor of t and 24.
12
Let t = 12 + -10. Suppose 7*s - 2*s = 2*o + 21, -4*s + 24 = t*o. What is the greatest common divisor of o and 2?
2
Let i = 588 + -237. Calculate the greatest common factor of i and 39.
39
Let n be (-30)/(-6 + 3) - 4. What is the greatest common factor of n and 24?
6
Suppose 0*h - 4*u = -5*h + 32, 4*h - 4*u - 28 = 0. Let x = h + 5. What is the greatest common factor of x and 63?
9
Let f = 2 + -2. Suppose f*j = -j + 180. Calculate the greatest common factor of j and 20.
20
Let b = -35 + 61. Calculate the greatest common divisor of 52 and b.
26
Suppose 0 = 7*v - 6*v - 50. What is the highest common factor of v and 125?
25
Suppose -64 = -5*f + r, f + 4*r + 5 = 1. Calculate the greatest common divisor of f and 8.
4
Let c = -1 + 3. Suppose c*p + 65 = 3*s, 5*p + 15 = s + 6*p. Let d be 77 + -2 + (0 - -1). What is the greatest common factor of s and d?
19
Suppose -4*w + 4*o = -36, -3*w + 4*o + 16 = -15. Calculate the greatest common divisor of w and 45.
5
Let n = -633 - -443. Let q be 1/4 - n/8. Suppose y + y - q = 0. What is the highest common divisor of 48 and y?
12
Let u(p) = p - 10. Let a be u(13). Calculate the greatest common divisor of 24 and a.
3
Let f be 2/7 + (-136)/(-14). Let m(i) = 5*i - 4. Let k be m(-6). Let p = -24 - k. What is the greatest common factor of p and f?
10
Let o be (-1)/(-4) + (-1)/4. Let i = 14 + -12. Let r = i + o. Calculate the highest common divisor of 1 and r.
1
Suppose 302 = u + 36. Let x = u + -186. Suppose -q - 4*q + 50 = 0. What is the highest common factor of x and q?
10
Let l(m) = -m - 8. Let f be l(-10). Calculate the highest common divisor of f and 10.
2
Suppose -5*z + 144 = -3*d, 4*z - 51 = 2*z - d. What is the greatest common factor of z and 18?
9
Let a(r) = 3*r**2 + 7. Let q be a(3). What is the highest common factor of q and 17?
17
Let v be (0 - 1)/(6/(-186)). Calculate the highest common factor of 248 and v.
31
Suppose 0 = -5*m + k + 56, 5*m + 2*k = -3*k + 80. Let a(p) = 4*p. Let c be a(3). What is the greatest common divisor of c and m?
12
Let c = -801 - -499. Let w = -190 - c. What is the highest common divisor of 14 and w?
14
Let m = 2 - 0. Let v = m - -7. Let q = -3 + 6. What is the highest common divisor of v and q?
3
Suppose 4*t = 5 + 11. Suppose 5*j + 11 = -t*x, 5*x = -12 - 8. Calculate the highest common factor of j and 11.
1
Let c = 22 + -16. Let k = 5 + c. Calculate the greatest common factor of k and 11.
11
Let w(i) = 6*i**2 + 2*i + 2. Let b be (-2)/(-6)*(-54)/9. Let x be w(b). What is the greatest common divisor of 2 and x?
2
Let p(h) = h**2 + 2*h + 2. Let j be p(-2). Suppose 3*n + 0*y = -2*y + 44, 0 = j*y - 8. Let t be 0/(0 + -2) - -3. What is the highest common factor of n and t?
3
Let q be 36/7 - 1/7. Let l = -12 - -17. Suppose -5*w - 196 = m - q*m, -m = -l*w - 49. Calculate the highest common factor of m and 7.
7
Let g be (-2)/10 - (-2)/10. Suppose 3*x - 2*x - 50 = g. Calculate the highest common divisor of 125 and x.
25
Let y(i) = -3*i**2 - 40*i + 8. Let z be y(-11). What is the greatest common divisor of z and 17?
17
Let k be 819/15 - -1*(-4)/(-10). Calculate the greatest common factor of 11 and k.
11
Let u = 5 - 3. Suppose b = u*b - 4. Suppose 47 = b*w - 5. Calculate the greatest common divisor of w and 13.
13
Suppose 0 = -0*l - 3*l + 18. Let i(b) be the third derivative of b**5/30 - 3*b**4/8 - 2*b**2. Let d be i(l). What is the greatest common divisor of 126 and d?
18
Suppose 0*p - 2*p - 2*x = -26, -2*p + 32 = 4*x. Calculate the highest common divisor of 10 and p.
10
Let r = -6 - -11. Calculate the greatest common divisor of 35 and r.
5
Suppose 0 = 3*c + 56 + 40. Suppose -3*y - 4*z = 61, -z - z - 111 = 5*y. Let a = y - c. Calculate the highest common divisor of 9 and a.
9
Let l = -107 - -211. Calculate the highest common divisor of 8 and l.
8
Let h be ((-5)/30*-9)/(2/12). What is the greatest common factor of 3 and h?
3
Suppose 0 = 4*g + 3*p - 14, -3*g + 5*p = 4 - 0. Suppose g*a - 4*a + 18 = 0. What is the greatest common factor of a and 63?
9
Let f = -44 + 30. Let v = -4 - f. Let y be ((-6)/(-5))/(6/20). Calculate the highest common divisor of v and y.
2
Suppose -105 = 5*g - 385. Calculate the highest common divisor of 14 and g.
14
Let u = 292 - 149. What is the highest common divisor of 13 and u?
13
Suppose 0 = -x, 3*k - 24 = -k + x. What is the highest common factor of k and 9?
3
Let u(l) = l**3 - 4*l**2 - 4*l - 5. Let o be u(5). Suppose o*t - 20 = 4*t. Let j(g) = -19*g - 7. Let y be j(t). Calculate the highest common factor of 8 and y.
8
Suppose -5 = -2*z + 3. Suppose -z*p - 4*i + 24 = 0, 10*p - 5*p + 3*i = 26. Calculate the highest common factor of 32 and p.
4
Let w be ((-6)/15)/((-1)/10). Suppose -8*j + 4*j - w*r - 8 = 0, -5*r = -3*j + 18. Suppose 4*z + 16 - 48 = 0. What is the greatest common divisor of j and z?
1
Let j be 2/13 + (-4736)/26. Let m = -17 - j. What is the highest common divisor of m and 15?
15
Let m = -51 + 81. Let b be 1/2 - m/(-12). What is the highest common divisor of 9 and b?
3
Suppose 20 = r + 3*r. Suppose -r*q + 15 + 5 = 0. What is the greatest common factor of q and 32?
4
Let c = -4 - -10. Suppose 0*v - 4*v = 8. Let u = c - v. What is the highest common factor of 2 and u?
2
Suppose -2*k + 18 + 8 = -2*j, -89 = -5*k - j. Let f = 71 - -65. What is the greatest common divisor of f and k?
17
Let h = -9 - -15. Let q(y) = -y**2 + 9*y - 8. Let a be q(7). What is the greatest common divisor of a and h?
6
Suppose 0 = -6*b + 11 + 25. What is the highest common divisor of b and 9?
3
Let p = 0 + 144. Suppose p = l + 2*l. Calculate the greatest common factor of 6 and l.
6
Let j(t) = t**2 + 4*t - 4. Let m = 7 - 13. Let i be j(m). Let l be (0 + -2 - -1) + 89. What is the greatest common divisor of l and i?
8
Let q(k) = -k**3 - 14*k**2 + 16*k + 20. Let n be q(-15). Calculate the greatest common factor of 15 and n.
5
Suppose a = 3*i - 41, i - a - 11 = 4. Suppose 5*f + 444 = 1159. Calculate the highest common divisor of i and f.
13
Suppose -x - 48 = 4*v, -4*x = 5*v - 2*v + 36. Let c = v - -26. Let f be 1*4/(-16) - (-564)/16. Calculate the highest common factor of c and f.
7
Suppose -348 = -6*c + 2*c. Suppose -3*f + c = -105. Calculate the highest common divisor of 8 and f.
8
Let u = 59 + -12. Let p be 4*2/8 + u. What is the greatest common divisor of 16 and p?
16
Let g(u) = u + 0*u + 0*u + 15*u**3 - 3*u**3. Let q be g(2). What is the highest common divisor of q and 14?
14
Let s(t) = -11*t + 4. Let c be s(-5). Let j = 13 + c. What is the highest common divisor of 9 and j?
9
Let o = 41 + -32. What is the highest common divisor of o and 81?
9
Let a(b) = -b. Let m be a(-2). Let j be 21*(m - 0)/6. Let v = -6 + j. Calculate the greatest common factor of 6 and v.
1
Suppos